ate the highest common divisor of 31 and s.
31
Suppose 0 = -c + 8 + 72. Suppose 0 = 3*d + l + 4*l, d + 3*l = -4. What is the highest common factor of c and d?
5
Let x(c) = 10*c**3 + 149*c**2 - 16*c + 5. Let u be x(-15). Calculate the greatest common factor of 346 and u.
2
Let j be (1*44/(-12))/(2/(-6)). Suppose 90 = 5*g + 5*f, 3*f + 104 = 5*g + 30. Let n = j + g. What is the highest common factor of n and 9?
9
Let k(i) = 23*i**2 - 9*i - 1. Let q(o) = 48*o**2 - 17*o - 1. Let n(h) = -5*k(h) + 3*q(h). Let w be n(1). Calculate the highest common divisor of 575 and w.
25
Let t be ((18 - 50) + 54/(-6))*-13. Calculate the highest common factor of 1274 and t.
13
Let d(o) = -348*o - 4742. Let r be d(-14). Calculate the greatest common factor of 1010 and r.
10
Let m(z) = 124*z - 1068. Let v be m(9). Calculate the greatest common factor of 168 and v.
24
Let y = -11787 + 11880. Calculate the greatest common divisor of y and 2.
1
Let o = -22 + 24. Suppose o*g = 6*g + 72. Let f be (4/(-10))/(g/495). What is the highest common divisor of 44 and f?
11
Let w be ((-2)/(-5))/((1/230)/((-21)/(-12))). Let u(v) = v - 2. Let t be u(9). What is the greatest common factor of t and w?
7
Let r be (36/108)/((-1)/(-168)). Calculate the highest common factor of 3178 and r.
14
Suppose 5389 + 9440 + 888 = 1209*s. Suppose 0 = -4*u + 5 - 337. Let d = -44 - u. What is the highest common divisor of d and s?
13
Let a(u) = 2*u**2 - 14*u - 11. Let s(l) = -3*l**2 + 15*l + 10. Let q(k) = -5*a(k) - 4*s(k). Let n be q(-7). What is the highest common divisor of 129 and n?
43
Let g(n) = -n**3 + 3*n**2 - n + 6. Let m be g(3). Suppose -3*w + m*p = -p - 191, -5*p = 25. Calculate the greatest common factor of 12 and w.
3
Let l = 11013 - 10973. Calculate the greatest common factor of l and 5580.
20
Let f = 10416 + -7186. Calculate the greatest common factor of f and 171.
19
Let l(u) be the first derivative of -u**3/3 + 4*u**2 + 27*u - 79. Let m be l(10). What is the greatest common factor of 336 and m?
7
Suppose 0 = 63*l - 73*l + 3800. Let g = 94 - -58. Calculate the greatest common divisor of l and g.
76
Let j(c) = -4*c - 23. Let d be j(-7). Suppose -i - 100 = -d*i. Suppose -5*t = i, 3*h + t - 9 = 1. Calculate the greatest common factor of 10 and h.
5
Let n be 44/418 - (-19346)/(-38). Let r = n + 704. Calculate the greatest common divisor of r and 45.
15
Let l be 35*190/(-399)*(-158 + -1). Calculate the highest common divisor of l and 200.
50
Let o be 2 - (-1 - -6 - 3). Suppose o = -2*h + 45 + 11. Calculate the greatest common factor of h and 44.
4
Let l(j) = -306*j - 873. Let i be l(-4). What is the greatest common divisor of i and 312?
39
Let o(l) = -l + 154. Let r be o(42). What is the highest common divisor of 28 and r?
28
Suppose 19*a = 224 + 175. Let t be (-3)/a - 1778/(-98). What is the highest common divisor of t and 42?
6
Let l be ((-306)/(-15))/(6/20). Suppose -9 = -x + k + l, 2*k = 3*x - 230. Let v be x + (-5 - (-2 - -1)). What is the highest common factor of v and 8?
8
Let z(f) = -f + 48. Let h be z(-18). Suppose 36*k - 49*k = -572. What is the greatest common factor of k and h?
22
Suppose -12*n + 5*l = -9*n - 70, -2*l = -n + 24. Calculate the greatest common divisor of n and 250.
10
Suppose 0 = 14*a - 14. Let r(w) = 125*w**3 + w**2 + 3*w - 3. Let z be r(a). What is the greatest common divisor of z and 18?
18
Let g be ((-27)/(-69))/(1087/100004). Suppose -132 = -0*m - m. Calculate the greatest common factor of g and m.
12
Suppose 74*o + 32*o - 3*o = 4944. Let y = 6 + -4. Suppose y*t = 81 - 17. Calculate the highest common divisor of o and t.
16
Suppose -2*k + 264 = 2*o, 18*k - 17*k = -3*o + 132. What is the highest common divisor of 3597 and k?
33
Let l(u) = u**3 + 6*u**2 + 2*u. Let v be l(-5). Let c be (-5 + 15)/((-8)/(-60)). Calculate the highest common factor of c and v.
15
Suppose -5*k + 38 = -3*k + 2*m, 5*m = 2*k - 38. Let l = 832 - 813. Calculate the greatest common factor of k and l.
19
Let x = 12775 - 12127. Calculate the greatest common factor of x and 64.
8
Suppose 15*j - 19*j + 76 = 0. Let z be -19*(-81)/(-54)*(-46)/3. What is the highest common divisor of j and z?
19
Let m be 11/4 + (-14)/(280/15). Let s be 275 - (-1)/m*-6. Suppose 50 = 4*a - 14. What is the highest common divisor of a and s?
16
Let g be (216/(-20))/(-2*4/40). Suppose 13 = 8*c - 11, 3*c = 5*t - 31. Calculate the greatest common factor of g and t.
2
Let b be (-21217)/91 + 14/91. Let l = 243 + b. Calculate the greatest common factor of l and 380.
10
Let b = 72 + -14. Suppose -b = -4*v + 2. Calculate the greatest common divisor of 30 and v.
15
Let k be ((-155)/(-25) + 10/(-2))*70. What is the highest common factor of 7539 and k?
21
Let d(r) = r**3 + 8*r**2 + 2*r - 13. Let f be (12/(1 - 3))/(5 - 7). Suppose -f - 4 = g. Let a be d(g). Calculate the highest common factor of a and 176.
22
Let a(c) = 11*c**2 + 43*c + 9. Let m be a(-17). Calculate the greatest common factor of m and 189.
189
Suppose 6*i - i - 35 = 0. Let c = -1 + i. Let l = -25768 + 25834. What is the greatest common divisor of l and c?
6
Suppose 297*a - 9576 = 291*a. Calculate the highest common factor of 874 and a.
38
Let m be (-4650)/60*44/(-5). Calculate the greatest common factor of 1054 and m.
62
Let r(i) = -3*i - 8. Let f be r(-8). Suppose 0 = -315*w + 256*w + 40592. Calculate the greatest common factor of w and f.
16
Suppose 4*l - 2*u - 1120 = 0, 82 + 198 = l + 2*u. Calculate the highest common divisor of l and 245.
35
Suppose 552 = 2*m - 234. Suppose 5*j = 4*f - 70 + m, -f - 254 = -4*j. Suppose -3969 = -284*q + 1995. Calculate the highest common divisor of q and j.
21
Let m(p) = 34*p + 108. Let q be m(15). What is the highest common factor of q and 3914?
206
Let l be 4284/70*(-250)/(-3). Calculate the greatest common divisor of l and 30.
30
Let k(n) = n**2 - 13*n + 29. Let x be k(12). Suppose x = 4*i - 11. Let w = i - -28. Calculate the highest common divisor of w and 140.
35
Let n = 13960 + -13939. What is the greatest common factor of n and 10332?
21
Suppose 0 = -20*j - 3*j + 43*j - 5520. What is the highest common divisor of 483 and j?
69
Suppose 0 = -97*b + 88*b + 2907. Let x = 19 - 2. What is the greatest common divisor of x and b?
17
Let g be (59 + -60)/(1/(-46)). Suppose 0 = g*t - 33*t - 1495. Calculate the greatest common factor of t and 92.
23
Let j be (-7 - (-80)/8) + (14 - 0). What is the highest common divisor of 13753 and j?
17
Let x be (-896)/(-224) + (-1)/2*-2*51. What is the greatest common factor of x and 4015?
55
Let c be 3/(16399/4099 + -12 + 8). Suppose -4*w + 2*y + 534 = -3568, -4*w + 3*y = -c. Calculate the highest common divisor of 13 and w.
13
Suppose 2*a + 2*a + 1020 = 0. Let t be 199276/462 - 2/6. Let h = a + t. What is the greatest common divisor of h and 22?
22
Let n = 83 - 18. Suppose f = 4*p - 12, 4*f + 2*p - 6 = 5*f. Suppose f = 13*d - 136 - 33. What is the highest common factor of d and n?
13
Let v(o) = o**3 - 7*o**2 - 4*o + 9. Let r be v(9). Let t be (-12)/(48/(-756) - (-3 + 3)/(-2)). Calculate the greatest common factor of r and t.
27
Let o(j) = 8*j**2 - 80*j + 5. Let p be o(10). Suppose -p*d - 43 = -u, -2*d + 47 = 4*u + 3*d. What is the highest common divisor of 45 and u?
9
Let n(a) = -1127*a + 204. Let k be n(-5). Suppose -13*f + k = -7941. Calculate the greatest common factor of f and 20.
20
Let f(k) = -21*k**3 + k**2 - 4*k - 12. Let y be f(-2). What is the highest common divisor of 3072 and y?
24
Let a(y) = -y**2 - 8*y + 3. Let n be a(-9). Let m be ((-5)/(-15))/(1/n). Let s be -8*(36 - -2)/m. What is the highest common divisor of s and 19?
19
Let z be (192/4 - -8 - -3)/(1/3). Calculate the greatest common factor of 13393 and z.
59
Let t(v) = 64*v - 68. Let s be t(-3). Let g = s + 385. What is the greatest common divisor of g and 25?
25
Suppose 4*h + 14*g = 9*g - 8, 3*g + 12 = 0. Let j be h/2*(-21 - 89). Let l be (j/(-6) - (-5 - -6))*10. What is the highest common divisor of l and 106?
53
Let v be 2*35/(-4)*((-152595)/105 + -3). What is the highest common divisor of v and 15?
15
Let m be -13444*(-23)/92 - -7. What is the highest common divisor of 56 and m?
8
Let v = 16 + -13. Suppose 3*r = -l - 599, 3*l - 5*l - 598 = v*r. Let i be ((-24)/30)/(1/r). What is the highest common divisor of 64 and 